 Suppose 212*w - 824 = 1300 - 640. Calculate the greatest common factor of l and w.
7
Let q be (-13)/((-195)/70) + (-1)/(-3). Suppose -11 + q = -6*u. Let a be (u + 2/(-4))/(4/56). What is the greatest common factor of a and 56?
7
Let l = 97 - 47. Let j be 140/l - 1/(-5). Suppose 3*d + 93 = b, -2*d + 299 = j*b - d. What is the highest common factor of b and 11?
11
Let i = -11014 - -11102. What is the greatest common factor of i and 664?
8
Suppose -606 = 2*r - 10. Let c = -210 - r. What is the highest common factor of 11 and c?
11
Let q be ((-133)/(-76))/(9/324). What is the greatest common divisor of 747 and q?
9
Let u = -43 - -48. Let o(j) = 9*j - 18. Let m be o(u). What is the highest common factor of 513 and m?
27
Let z be 16/(-40) - ((-44)/(-10))/(1/(-31)). Calculate the greatest common divisor of z and 833.
17
Let z = -31482 + 46404. What is the highest common factor of z and 36?
18
Let u(v) = 9*v**2 - 3*v - 21. Let x be u(-12). What is the highest common divisor of 456 and x?
57
Let s be (-29 - -31)/((-3)/(-3)). Suppose 5*w - 2559 = 3*f + 167, 5*f = s*w - 1098. What is the highest common factor of 32 and w?
32
Let p be (33917/4 - -3) + (-57)/(-76). Calculate the greatest common factor of 68 and p.
17
Let v = 2480 + -2475. Calculate the highest common factor of v and 845.
5
Suppose 4*l + c = 1859, 3*c - 382 = -5*l + 1947. What is the highest common divisor of l and 348?
116
Let l(g) = -g**3 + 14*g**2 + 20*g + 58. Let j be l(15). What is the highest common factor of 532 and j?
133
Suppose 5*w - 4*b + 43 = 0, -3*w + 5*b - 2*b = 27. Let x be -7*21/(-7) - w. What is the highest common factor of x and 224?
28
Let v be 5 + 7/21*-6. Suppose v*o + 5*n = 170, -6*o = -3*o - n - 146. What is the greatest common factor of 125 and o?
25
Let s(z) = 38*z - 391 - 58*z - 90*z + 397. Let m be s(-6). Calculate the highest common divisor of m and 74.
74
Let l be 6 + (3/1)/(51/5015). Calculate the greatest common factor of l and 28.
7
Let h(d) = -205*d + 385. Let t be h(-32). Calculate the highest common divisor of t and 15.
15
Suppose 2*q + 35 + 2 = 3*j, -5*q + 2*j = 65. Let y(w) = -w**3 - 11*w**2 - 8*w + 2. Let k be y(q). Calculate the greatest common factor of 36 and k.
18
Let k(s) = s**2 - 15*s - 4. Let z = 160 + -144. Let a be k(z). Suppose 0 = 3*h, 5*f - 7*h - 660 = -2*h. What is the greatest common divisor of f and a?
12
Let d = 633 - 627. Suppose 5*f - 2*n = -635, f + 2*n + 74 = -53. Let p = -85 - f. Calculate the highest common factor of d and p.
6
Let v(x) = 6*x + 751. Let p be v(5). Calculate the greatest common factor of 33 and p.
11
Suppose 6*q = 19 + 29. Let p(g) = 2*g - 10. Let j be p(9). Let b = 0 + j. What is the greatest common factor of q and b?
8
Let q(o) be the first derivative of -13 + 37/2*o**2 - 2*o. Let m be q(2). Calculate the greatest common divisor of 18 and m.
18
Suppose -362 = -5*m + a + 290, 0 = m + 2*a - 126. Suppose 6*o - 11*o - 40 = -5*r, -2*r + 3*o + 14 = 0. Calculate the highest common factor of r and m.
10
Let o be (-12 - -1)*(-2 - 2/(-2)). Suppose -m - 6 = -4*m. Suppose m*q = 2*w - 102, 4*q - 1 = w - 40. Calculate the highest common divisor of w and o.
11
Let b(t) = 109*t + 3442. Let y be b(-30). Calculate the greatest common divisor of y and 3827.
43
Let c = 59 + -86. Let a = c - -41. Let r = -96 + 103. What is the highest common factor of r and a?
7
Let w = 71 + -61. Let t = -6 + w. Let o be t/16 - (-957)/12. Calculate the highest common factor of o and 10.
10
Suppose 404 = 2*y + 118. Let x(g) = g**2 + 3*g - 7. Let z be x(-6). What is the greatest common divisor of z and y?
11
Let n = -5866 + 5923. What is the highest common factor of 1520 and n?
19
Let g(k) = 75*k + 2458. Let x be g(-16). Calculate the highest common factor of x and 222.
74
Let o be ((-44)/(-66))/((-4)/4242). Let a = -454 - o. What is the highest common divisor of 11 and a?
11
Let h be (18/(-13))/(-30*(-32)/(-8320)). What is the greatest common divisor of h and 1758?
6
Let r = -4794 - -6159. Calculate the highest common factor of r and 75.
15
Let s(x) = 10*x - 100. Let q be s(10). Suppose 6*b - 1566 + 366 = q. What is the highest common divisor of 10 and b?
10
Let j = -4358 + 5526. What is the highest common divisor of 16 and j?
16
Let c(u) = -u**2 + u + 56. Let s be c(8). Suppose 581 = 2*r + z, s*r - 5*r + 3*z + 1425 = 0. What is the greatest common factor of 9 and r?
9
Suppose 323*u - 179*u = 162*u - 3420. Calculate the greatest common factor of 152 and u.
38
Suppose -5*c + 288 = -2*c. Let d(b) = -b**3 + 9*b**2 + 4*b. Let n be d(9). What is the greatest common factor of c and n?
12
Let s = 2422 + -1112. Suppose 21*l = -113 + s. Calculate the greatest common divisor of 57 and l.
57
Let r(s) = 78*s + 1106. Let l be r(-11). What is the highest common factor of 8 and l?
8
Let w = -161 + 176. Suppose 3*o - 8*o + 400 = -5*y, -3*y = -w. Calculate the highest common factor of o and 34.
17
Let l(u) = -2*u + 2. Let o be l(-4). Let y = 10 - o. Suppose y = 4*x - 4*v - 44, 0*x + 4*x + 4*v = 12. Calculate the greatest common factor of 56 and x.
7
Let d(v) = -979*v - 3179. Let n be d(-5). What is the highest common factor of 231 and n?
33
Let f be 38925/(-346)*6/(-27)*3. Calculate the greatest common divisor of 245 and f.
5
Suppose 0 = -2*z - 252 + 468. What is the highest common divisor of z and 1008?
36
Suppose -2*h + 17716 = 3*n, 24*n - 11806 = 22*n + h. What is the greatest common divisor of 720 and n?
144
Let y(b) = 45*b**3 - 4*b**2 - 5*b + 1. Let w be y(-2). Let j = -244 - w. Suppose j*q = 125*q - 128. What is the highest common factor of q and 4?
4
Suppose 139*d - 2112 = 128*d. What is the greatest common factor of d and 348?
12
Let x = -19832 + 19936. What is the highest common divisor of x and 14248?
104
Suppose -10 = -2*p, 115 = -5*i - 2*p + p. Let w be (i/(-14))/(-3 + 535/175). Let b = w + -3. What is the highest common factor of 243 and b?
27
Let y be -127*(6 + -8 + -5). What is the greatest common factor of y and 1651?
127
Let n = -26981 + 30406. What is the highest common factor of 137 and n?
137
Suppose -76*u = -88*u - 312. Let w be (-151 + -3)*13/u. What is the highest common divisor of w and 22?
11
Suppose 39*w - 74 = 121. Suppose -33 - 17 = -w*a. Calculate the highest common factor of 290 and a.
10
Suppose 5*a - 3 = 22. Let d be ((4/2)/2)/(1/15). What is the highest common factor of d and a?
5
Let a = 243 - 230. Suppose 1825 = 5*f - 5*m - 185, 2*f + 3*m - 809 = 0. What is the greatest common factor of f and a?
13
Let o = -200 + 300. Suppose -2*p + 0*j - j = -o, p + j = 52. Let a be (-2)/(-28)*2 + 3356/28. Calculate the highest common factor of p and a.
24
Let p = -1154 + 1931. Let a = -437 + p. What is the greatest common divisor of a and 20?
20
Let p be (-462 + 463 + 1*-7)/(1/(-23)). What is the greatest common divisor of p and 23253?
69
Let v = -295883 + 296233. Let x = 45 + 5. What is the greatest common factor of v and x?
50
Let c = -12741 + 13191. What is the highest common divisor of 1950 and c?
150
Let f = -159 - -164. Suppose 2*k - 25 = -3*b + 97, f*k - 205 = -5*b. Calculate the greatest common divisor of b and 90.
10
Let o(i) be the second derivative of 2*i**4/3 + i**3/6 - 2*i**2 - 10*i + 2. Let c be o(2). Calculate the highest common divisor of c and 30.
30
Let p be 22/(-429) + 3/(936/15928). Calculate the highest common divisor of 2176 and p.
17
Suppose 67*b = 24057 - 8744 + 18455. What is the highest common factor of b and 7224?
168
Suppose 23 = -2*s + 27. Suppose -s*g = 4*q + 10, 0 = -3*g + 2*q + 2 + 7. What is the greatest common divisor of 2 and g?
1
Let x(z) = 3*z**3 + 7*z**2 + 9*z - 9. Let o be x(5). Let c = o - 531. What is the highest common divisor of 5 and c?
5
Let g(t) = 2*t**3 + 85*t**2 - 48*t + 94. Let w be g(-43). Let x be (-412)/w - (278/(-6) + 0). Calculate the greatest common factor of 2 and x.
1
Let w = 39 - 4. Suppose -5*m + 1096 = -479. Calculate the highest common divisor of m and w.
35
Let k be ((-152)/(-10))/(2/10). Let c = 977 + -972. Suppose v - c*v + k = 0. What is the highest common divisor of v and 19?
19
Let k be (-2 + 13*6)/((-100)/(-350)). Let q = k - 74. Calculate the highest common divisor of q and 144.
48
Suppose -c + 3 = 2*c. Let a = c - -18. Let g be (-9)/12*(-66)/132 - (-757)/8. What is the great